{"id":22980,"date":"2026-04-01T13:43:02","date_gmt":"2026-04-01T13:43:02","guid":{"rendered":"https:\/\/acourtofalsacesart.com\/?post_type=product&#038;p=22980"},"modified":"2026-04-07T13:23:41","modified_gmt":"2026-04-07T13:23:41","slug":"preorder-album-para-marcapaginas-color-azul-estampado-feysand","status":"publish","type":"product","link":"https:\/\/acourtofalsacesart.com\/index.php\/producto\/preorder-album-para-marcapaginas-color-azul-estampado-feysand\/","title":{"rendered":"PREORDER: Alb\u00fam para marcap\u00e1ginas, color azul, estampado feysand."},"content":{"rendered":"<p>PREORDER: Alb\u00fam para marcap\u00e1ginas magn\u00e9ticos y tradicionales.<\/p>\n<p><strong>TIEMPO DE PREPARACI\u00d3N<\/strong>: 3\/6 SEMANAS.<\/p>\n<p><strong><em>No se realizan reembolsos de productos en preventa, ya que es un producto hecho bajo reserva para usted.<\/em><\/strong><\/p>\n","protected":false},"excerpt":{"rendered":"<p>PREORDER: Alb\u00fam para marcap\u00e1ginas magn\u00e9ticos y tradicionales. TIEMPO DE PREPARACI\u00d3N: 3\/6 SEMANAS. No se realizan reembolsos de productos en preventa, ya que es un producto hecho bajo reserva para usted.<\/p>\n","protected":false},"featured_media":22940,"comment_status":"open","ping_status":"closed","template":"","meta":{"_mo_disable_npp":""},"product_brand":[],"product_cat":[2494,2190,2172,1772,1267,250],"product_tag":[],"class_list":{"0":"post-22980","1":"product","2":"type-product","3":"status-publish","4":"has-post-thumbnail","6":"product_cat-a-shop-update-abril-2026","7":"product_cat-coleccion-libros-de-fantasia","8":"product_cat-coleccion-acotar","9":"product_cat-novedades","10":"product_cat-preventas","11":"product_cat-stationery","13":"first","14":"instock","15":"taxable","16":"shipping-taxable","17":"purchasable","18":"product-type-variable"},"_links":{"self":[{"href":"https:\/\/acourtofalsacesart.com\/index.php\/wp-json\/wp\/v2\/product\/22980","targetHints":{"allow":["GET"]}}],"collection":[{"href":"https:\/\/acourtofalsacesart.com\/index.php\/wp-json\/wp\/v2\/product"}],"about":[{"href":"https:\/\/acourtofalsacesart.com\/index.php\/wp-json\/wp\/v2\/types\/product"}],"replies":[{"embeddable":true,"href":"https:\/\/acourtofalsacesart.com\/index.php\/wp-json\/wp\/v2\/comments?post=22980"}],"wp:featuredmedia":[{"embeddable":true,"href":"https:\/\/acourtofalsacesart.com\/index.php\/wp-json\/wp\/v2\/media\/22940"}],"wp:attachment":[{"href":"https:\/\/acourtofalsacesart.com\/index.php\/wp-json\/wp\/v2\/media?parent=22980"}],"wp:term":[{"taxonomy":"product_brand","embeddable":true,"href":"https:\/\/acourtofalsacesart.com\/index.php\/wp-json\/wp\/v2\/product_brand?post=22980"},{"taxonomy":"product_cat","embeddable":true,"href":"https:\/\/acourtofalsacesart.com\/index.php\/wp-json\/wp\/v2\/product_cat?post=22980"},{"taxonomy":"product_tag","embeddable":true,"href":"https:\/\/acourtofalsacesart.com\/index.php\/wp-json\/wp\/v2\/product_tag?post=22980"}],"curies":[{"name":"wp","href":"https:\/\/api.w.org\/{rel}","templated":true}]}}