{"id":22645,"date":"2026-02-21T16:47:00","date_gmt":"2026-02-21T16:47:00","guid":{"rendered":"https:\/\/acourtofalsacesart.com\/?post_type=product&#038;p=22645"},"modified":"2026-02-21T18:53:35","modified_gmt":"2026-02-21T18:53:35","slug":"preorder-espiritu-salvaje-booksleeve","status":"publish","type":"product","link":"https:\/\/acourtofalsacesart.com\/index.php\/producto\/preorder-espiritu-salvaje-booksleeve\/","title":{"rendered":"PREORDER \u00bbEsp\u00edritu salvaje\u00bb booksleeve."},"content":{"rendered":"<p><strong>IMPORTANTE:<\/strong><\/p>\n<p>Tama\u00f1o grande: 27&#215;23<\/p>\n<p>Impresas a doble cara, con cierre de lazo.<\/p>\n<p><strong>TIEMPO DE PRODUCCI\u00d3N<\/strong>: 2\/5 SEMANAS. Una vez la proveedora me las mande, avisar\u00eda por las stories de Insta y las enviar\u00eda una vez me lleguen.<\/p>\n<p>A ese tiempo, hay que a\u00f1adirle el tiempo de empaquetado y env\u00edo que dependiendo del volumen de trabajo, puede ser de<\/p>\n<p>10 a 18 d\u00edas laborales o menos.<\/p>\n<p><em>No se realizan reembolsos de productos en preventa, ya que es un producto hecho bajo reserva para usted.<\/em><\/p>\n<p>Entran perfectamente libros grandes, como Ciudad Medialuna, tanto en la edici\u00f3n espa\u00f1ola, como en la inglesa &#8211; en tapa dura.<\/p>\n<p>&nbsp;<\/p>\n","protected":false},"excerpt":{"rendered":"<p>IMPORTANTE: Tama\u00f1o grande: 27&#215;23 Impresas a doble cara, con cierre de lazo. TIEMPO DE PRODUCCI\u00d3N: 2\/5 SEMANAS. Una vez la proveedora me las mande, avisar\u00eda por las stories de Insta y las enviar\u00eda una vez me lleguen. A ese tiempo, hay que a\u00f1adirle el tiempo de empaquetado y env\u00edo que [&hellip;]<\/p>\n","protected":false},"featured_media":22751,"comment_status":"open","ping_status":"closed","template":"","meta":{"_mo_disable_npp":""},"product_brand":[],"product_cat":[2479,1294,2190,2229,1267,2378],"product_tag":[],"class_list":{"0":"post-22645","1":"product","2":"type-product","3":"status-publish","4":"has-post-thumbnail","6":"product_cat-a-shop-update-febrero-2026","7":"product_cat-booksleeve","8":"product_cat-coleccion-libros-de-fantasia","9":"product_cat-coleccion-libros-de-romance","10":"product_cat-preventas","11":"product_cat-shop-update-agosto-2025","13":"first","14":"instock","15":"taxable","16":"shipping-taxable","17":"purchasable","18":"product-type-simple"},"_links":{"self":[{"href":"https:\/\/acourtofalsacesart.com\/index.php\/wp-json\/wp\/v2\/product\/22645","targetHints":{"allow":["GET"]}}],"collection":[{"href":"https:\/\/acourtofalsacesart.com\/index.php\/wp-json\/wp\/v2\/product"}],"about":[{"href":"https:\/\/acourtofalsacesart.com\/index.php\/wp-json\/wp\/v2\/types\/product"}],"replies":[{"embeddable":true,"href":"https:\/\/acourtofalsacesart.com\/index.php\/wp-json\/wp\/v2\/comments?post=22645"}],"wp:featuredmedia":[{"embeddable":true,"href":"https:\/\/acourtofalsacesart.com\/index.php\/wp-json\/wp\/v2\/media\/22751"}],"wp:attachment":[{"href":"https:\/\/acourtofalsacesart.com\/index.php\/wp-json\/wp\/v2\/media?parent=22645"}],"wp:term":[{"taxonomy":"product_brand","embeddable":true,"href":"https:\/\/acourtofalsacesart.com\/index.php\/wp-json\/wp\/v2\/product_brand?post=22645"},{"taxonomy":"product_cat","embeddable":true,"href":"https:\/\/acourtofalsacesart.com\/index.php\/wp-json\/wp\/v2\/product_cat?post=22645"},{"taxonomy":"product_tag","embeddable":true,"href":"https:\/\/acourtofalsacesart.com\/index.php\/wp-json\/wp\/v2\/product_tag?post=22645"}],"curies":[{"name":"wp","href":"https:\/\/api.w.org\/{rel}","templated":true}]}}