{"id":22644,"date":"2026-02-21T16:46:45","date_gmt":"2026-02-21T16:46:45","guid":{"rendered":"https:\/\/acourtofalsacesart.com\/?post_type=product&#038;p=22644"},"modified":"2026-02-23T13:26:23","modified_gmt":"2026-02-23T13:26:23","slug":"preorder-mix-nuevos-modelos-de-funda-de-solapa","status":"publish","type":"product","link":"https:\/\/acourtofalsacesart.com\/index.php\/producto\/preorder-mix-nuevos-modelos-de-funda-de-solapa\/","title":{"rendered":"PREORDER: Mix nuevos modelos de funda de solapa."},"content":{"rendered":"<h5>PREORDER: Mix nuevos modelos de funda de solapa, Alas de sangre, \u00c9rase una vez un coraz\u00f3n roto y Butcher y Blackbird.<\/h5>\n<p><strong>IMPORTANTE<\/strong><\/p>\n<p>Tama\u00f1o grande: Entran tanto el libro de P\u00e9talos de papel como el de \u00bbLa sangre de H\u00e9rcules.\u00bb<\/p>\n<p><strong>TIEMPO DE PREPARACI\u00d3N<\/strong>: 3\/5 semanas.<\/p>\n<p><strong><em>No se realizan reembolsos de productos en preventa, ya que es un producto hecho bajo reserva para usted.<\/em><\/strong><\/p>\n","protected":false},"excerpt":{"rendered":"<p>PREORDER: Mix nuevos modelos de funda de solapa, Alas de sangre, \u00c9rase una vez un coraz\u00f3n roto y Butcher y Blackbird. IMPORTANTE Tama\u00f1o grande: Entran tanto el libro de P\u00e9talos de papel como el de \u00bbLa sangre de H\u00e9rcules.\u00bb TIEMPO DE PREPARACI\u00d3N: 3\/5 semanas. No se realizan reembolsos de productos [&hellip;]<\/p>\n","protected":false},"featured_media":22691,"comment_status":"open","ping_status":"closed","template":"","meta":{"_mo_disable_npp":""},"product_brand":[],"product_cat":[2479,1294,2190,1267],"product_tag":[],"class_list":{"0":"post-22644","1":"product","2":"type-product","3":"status-publish","4":"has-post-thumbnail","6":"product_cat-a-shop-update-febrero-2026","7":"product_cat-booksleeve","8":"product_cat-coleccion-libros-de-fantasia","9":"product_cat-preventas","11":"first","12":"instock","13":"taxable","14":"shipping-taxable","15":"purchasable","16":"product-type-variable"},"_links":{"self":[{"href":"https:\/\/acourtofalsacesart.com\/index.php\/wp-json\/wp\/v2\/product\/22644","targetHints":{"allow":["GET"]}}],"collection":[{"href":"https:\/\/acourtofalsacesart.com\/index.php\/wp-json\/wp\/v2\/product"}],"about":[{"href":"https:\/\/acourtofalsacesart.com\/index.php\/wp-json\/wp\/v2\/types\/product"}],"replies":[{"embeddable":true,"href":"https:\/\/acourtofalsacesart.com\/index.php\/wp-json\/wp\/v2\/comments?post=22644"}],"wp:featuredmedia":[{"embeddable":true,"href":"https:\/\/acourtofalsacesart.com\/index.php\/wp-json\/wp\/v2\/media\/22691"}],"wp:attachment":[{"href":"https:\/\/acourtofalsacesart.com\/index.php\/wp-json\/wp\/v2\/media?parent=22644"}],"wp:term":[{"taxonomy":"product_brand","embeddable":true,"href":"https:\/\/acourtofalsacesart.com\/index.php\/wp-json\/wp\/v2\/product_brand?post=22644"},{"taxonomy":"product_cat","embeddable":true,"href":"https:\/\/acourtofalsacesart.com\/index.php\/wp-json\/wp\/v2\/product_cat?post=22644"},{"taxonomy":"product_tag","embeddable":true,"href":"https:\/\/acourtofalsacesart.com\/index.php\/wp-json\/wp\/v2\/product_tag?post=22644"}],"curies":[{"name":"wp","href":"https:\/\/api.w.org\/{rel}","templated":true}]}}