{"id":22457,"date":"2026-01-19T16:18:40","date_gmt":"2026-01-19T16:18:40","guid":{"rendered":"https:\/\/acourtofalsacesart.com\/?post_type=product&#038;p=22457"},"modified":"2026-03-28T02:34:59","modified_gmt":"2026-03-28T02:34:59","slug":"preorder-assistant-to-the-villain-stained-glass-booksleeve","status":"publish","type":"product","link":"https:\/\/acourtofalsacesart.com\/index.php\/producto\/preorder-assistant-to-the-villain-stained-glass-booksleeve\/","title":{"rendered":"PREORDER \u00bbAssistant to the Villain stained glass.\u00bb booksleeve."},"content":{"rendered":"<p><strong>IMPORTANTE:<\/strong><\/p>\n<p><strong>Estar\u00e1 el apartado en stock y el apartado preventa.\u00a0<\/strong><\/p>\n<p>Las que aparecen como en stock es que hay disponibles, si no queda stock, pod\u00e9is pedir ese dise\u00f1o o cualquier otro en preventa, tanto en este anuncio, como en el de las preventas de las fundas. El que prefir\u00e1is.<\/p>\n<p>Cualquier duda, pod\u00e9is mandarme un DM o enviarme un mail.<\/p>\n<p>Tama\u00f1o grande: 27&#215;23<\/p>\n<p>Impresas a doble cara, con cierre de lazo.<\/p>\n<p><strong>TIEMPO DE PRODUCCI\u00d3N<\/strong>: 2\/5 SEMANAS. Una vez la proveedora me las mande, avisar\u00eda por las stories de Insta y las enviar\u00eda una vez me lleguen.<\/p>\n<p>A ese tiempo, hay que a\u00f1adirle el tiempo de empaquetado y env\u00edo que dependiendo del volumen de trabajo, puede ser de<\/p>\n<p>10 a 18 d\u00edas laborales o menos.<\/p>\n<p><em>No se realizan reembolsos de productos en preventa, ya que es un producto hecho bajo reserva para usted.<\/em><\/p>\n<p>Entran perfectamente libros grandes, como Ciudad Medialuna, tanto en la edici\u00f3n espa\u00f1ola, como en la inglesa &#8211; en tapa dura.<\/p>\n<p>&nbsp;<\/p>\n","protected":false},"excerpt":{"rendered":"<p>IMPORTANTE: Estar\u00e1 el apartado en stock y el apartado preventa.\u00a0 Las que aparecen como en stock es que hay disponibles, si no queda stock, pod\u00e9is pedir ese dise\u00f1o o cualquier otro en preventa, tanto en este anuncio, como en el de las preventas de las fundas. El que prefir\u00e1is. Cualquier [&hellip;]<\/p>\n","protected":false},"featured_media":22470,"comment_status":"open","ping_status":"closed","template":"","meta":{"_mo_disable_npp":""},"product_brand":[],"product_cat":[1294,2182,2230,1267,2378],"product_tag":[],"class_list":{"0":"post-22457","1":"product","2":"type-product","3":"status-publish","4":"has-post-thumbnail","6":"product_cat-booksleeve","7":"product_cat-coleccion-personalizable","8":"product_cat-coleccion-quicksilver","9":"product_cat-preventas","10":"product_cat-shop-update-agosto-2025","12":"first","13":"instock","14":"taxable","15":"shipping-taxable","16":"purchasable","17":"product-type-variable"},"_links":{"self":[{"href":"https:\/\/acourtofalsacesart.com\/index.php\/wp-json\/wp\/v2\/product\/22457","targetHints":{"allow":["GET"]}}],"collection":[{"href":"https:\/\/acourtofalsacesart.com\/index.php\/wp-json\/wp\/v2\/product"}],"about":[{"href":"https:\/\/acourtofalsacesart.com\/index.php\/wp-json\/wp\/v2\/types\/product"}],"replies":[{"embeddable":true,"href":"https:\/\/acourtofalsacesart.com\/index.php\/wp-json\/wp\/v2\/comments?post=22457"}],"wp:featuredmedia":[{"embeddable":true,"href":"https:\/\/acourtofalsacesart.com\/index.php\/wp-json\/wp\/v2\/media\/22470"}],"wp:attachment":[{"href":"https:\/\/acourtofalsacesart.com\/index.php\/wp-json\/wp\/v2\/media?parent=22457"}],"wp:term":[{"taxonomy":"product_brand","embeddable":true,"href":"https:\/\/acourtofalsacesart.com\/index.php\/wp-json\/wp\/v2\/product_brand?post=22457"},{"taxonomy":"product_cat","embeddable":true,"href":"https:\/\/acourtofalsacesart.com\/index.php\/wp-json\/wp\/v2\/product_cat?post=22457"},{"taxonomy":"product_tag","embeddable":true,"href":"https:\/\/acourtofalsacesart.com\/index.php\/wp-json\/wp\/v2\/product_tag?post=22457"}],"curies":[{"name":"wp","href":"https:\/\/api.w.org\/{rel}","templated":true}]}}