{"id":22163,"date":"2025-11-15T16:27:03","date_gmt":"2025-11-15T16:27:03","guid":{"rendered":"https:\/\/acourtofalsacesart.com\/?post_type=product&#038;p=22163"},"modified":"2026-02-27T08:29:13","modified_gmt":"2026-02-27T08:29:13","slug":"journal-la-lectora-acabado-album","status":"publish","type":"product","link":"https:\/\/acourtofalsacesart.com\/index.php\/producto\/journal-la-lectora-acabado-album\/","title":{"rendered":"PREORDER: Journal, \u00bbLa lectora.\u00bb &#8211; Acabado Alb\u00fam."},"content":{"rendered":"<p>Journal, \u00bbLa lectora.\u00bb &#8211; Acabado Alb\u00fam.<\/p>\n<p>Incluye:<\/p>\n<ul>\n<li>P\u00e1gina de \u00cdndice.<\/li>\n<li>Bookish Goals.<\/li>\n<li>Estanter\u00eda para colorear y rellenar.<\/li>\n<li>Libros le\u00eddos.<\/li>\n<li>Hojas para 25 rese\u00f1as.<\/li>\n<li>12 hojas, TBR y WRAP Up.<\/li>\n<li>Notas.<\/li>\n<\/ul>\n<p>Adem\u00e1s de x10 p\u00e1ginas para guardar marcap\u00e1ginas magn\u00e9ticos.<\/p>\n<p>Pode\u00eds elegir entre 10 de marcas magn\u00e9ticos o 5 de marcas magn\u00e9ticos y 5 de marcap\u00e1ginas<\/p>\n<p>tradicionales.<\/p>\n<p>Si quer\u00e9is a\u00f1adir alguna secci\u00f3n que no est\u00e9 en este Journal\u00a0 (las estad\u00edsticas, m\u00e1s paginas de rese\u00f1a&#8230;) pod\u00e9is mandarme un mail o un DM y lo hablamos.<\/p>\n<p>Mil gracias por todo.<\/p>\n<p><strong>TIEMPO DE PREPARACI\u00d3N<\/strong>: 2\/5 SEMANAS.<\/p>\n<p><strong><em>No se realizan reembolsos de productos en preventa, ya que es un producto hecho bajo reserva para usted.<\/em><\/strong><\/p>\n","protected":false},"excerpt":{"rendered":"<p>Journal, \u00bbLa lectora.\u00bb &#8211; Acabado Alb\u00fam. Incluye: P\u00e1gina de \u00cdndice. Bookish Goals. Estanter\u00eda para colorear y rellenar. Libros le\u00eddos. Hojas para 25 rese\u00f1as. 12 hojas, TBR y WRAP Up. Notas. Adem\u00e1s de x10 p\u00e1ginas para guardar marcap\u00e1ginas magn\u00e9ticos. Pode\u00eds elegir entre 10 de marcas magn\u00e9ticos o 5 de marcas magn\u00e9ticos [&hellip;]<\/p>\n","protected":false},"featured_media":22091,"comment_status":"open","ping_status":"closed","template":"","meta":{"_mo_disable_npp":""},"product_brand":[],"product_cat":[2190,1772,1267,250],"product_tag":[],"class_list":{"0":"post-22163","1":"product","2":"type-product","3":"status-publish","4":"has-post-thumbnail","6":"product_cat-coleccion-libros-de-fantasia","7":"product_cat-novedades","8":"product_cat-preventas","9":"product_cat-stationery","11":"first","12":"instock","13":"taxable","14":"shipping-taxable","15":"purchasable","16":"product-type-simple"},"_links":{"self":[{"href":"https:\/\/acourtofalsacesart.com\/index.php\/wp-json\/wp\/v2\/product\/22163","targetHints":{"allow":["GET"]}}],"collection":[{"href":"https:\/\/acourtofalsacesart.com\/index.php\/wp-json\/wp\/v2\/product"}],"about":[{"href":"https:\/\/acourtofalsacesart.com\/index.php\/wp-json\/wp\/v2\/types\/product"}],"replies":[{"embeddable":true,"href":"https:\/\/acourtofalsacesart.com\/index.php\/wp-json\/wp\/v2\/comments?post=22163"}],"wp:featuredmedia":[{"embeddable":true,"href":"https:\/\/acourtofalsacesart.com\/index.php\/wp-json\/wp\/v2\/media\/22091"}],"wp:attachment":[{"href":"https:\/\/acourtofalsacesart.com\/index.php\/wp-json\/wp\/v2\/media?parent=22163"}],"wp:term":[{"taxonomy":"product_brand","embeddable":true,"href":"https:\/\/acourtofalsacesart.com\/index.php\/wp-json\/wp\/v2\/product_brand?post=22163"},{"taxonomy":"product_cat","embeddable":true,"href":"https:\/\/acourtofalsacesart.com\/index.php\/wp-json\/wp\/v2\/product_cat?post=22163"},{"taxonomy":"product_tag","embeddable":true,"href":"https:\/\/acourtofalsacesart.com\/index.php\/wp-json\/wp\/v2\/product_tag?post=22163"}],"curies":[{"name":"wp","href":"https:\/\/api.w.org\/{rel}","templated":true}]}}