{"id":21726,"date":"2025-10-18T15:12:23","date_gmt":"2025-10-18T15:12:23","guid":{"rendered":"https:\/\/acourtofalsacesart.com\/?post_type=product&#038;p=21726"},"modified":"2026-02-14T23:00:11","modified_gmt":"2026-02-14T23:00:11","slug":"especial-halloween-mystery-box-in-my-witchy-era","status":"publish","type":"product","link":"https:\/\/acourtofalsacesart.com\/index.php\/producto\/especial-halloween-mystery-box-in-my-witchy-era\/","title":{"rendered":"Especial Halloween, mystery box \u00bbIn my Witchy Era\u00bb."},"content":{"rendered":"<p>Especial Halloween, mystery box \u00bbIn my Witchy Era\u00bb.<\/p>\n<p>Pack l\u00edmitada y exclusiva con tem\u00e1tica de Halloween. Los objetos del interior no se podr\u00e1n conseguir fuera salvo el marcap\u00e1ginas de Morgana y a lo mejor los plushies,<\/p>\n<p>Contiene:<\/p>\n<ul>\n<li>x1 Marcap\u00e1ginas magn\u00e9tico: Morgana disfrazada como pirata.<\/li>\n<li>x1 Pares de pendientes de metacrilato.<\/li>\n<li>x1 Llavero de peluche de Morgana (Mi gata) disfrazada de fantasma.\u00a0 Hay cuatros modelos y te puede salir cualquiera al azar.<\/li>\n<li>x1 Marcap\u00e1ginas de madera de Vampiresa.<\/li>\n<li>x1 Sticker Hologr\u00e1fica\u00a0 \u00bbIn my Witchy Era\u00bb.<\/li>\n<\/ul>\n<p>Si quieres que te llegue antes de Halloween recomendamos no a\u00f1adir ning\u00fan producto en preventa a este pedido.<\/p>\n<p>En caso de que se a\u00f1ada alg\u00fan producto en preventa, se enviar\u00e1 una vez llegue el producto de la preventa.<\/p>\n<p>&nbsp;<\/p>\n","protected":false},"excerpt":{"rendered":"<p>Especial Halloween, mystery box \u00bbIn my Witchy Era\u00bb. Pack l\u00edmitada y exclusiva con tem\u00e1tica de Halloween. Los objetos del interior no se podr\u00e1n conseguir fuera salvo el marcap\u00e1ginas de Morgana y a lo mejor los plushies, Contiene: x1 Marcap\u00e1ginas magn\u00e9tico: Morgana disfrazada como pirata. x1 Pares de pendientes de metacrilato. [&hellip;]<\/p>\n","protected":false},"featured_media":21761,"comment_status":"open","ping_status":"closed","template":"","meta":{"_mo_disable_npp":""},"product_brand":[],"product_cat":[1691,1627,278,2385],"product_tag":[],"class_list":{"0":"post-21726","1":"product","2":"type-product","3":"status-publish","4":"has-post-thumbnail","6":"product_cat-cajas-tematicas","7":"product_cat-halloween","8":"product_cat-ma","9":"product_cat-shop-update-2025","11":"first","12":"instock","13":"taxable","14":"shipping-taxable","15":"purchasable","16":"product-type-simple"},"_links":{"self":[{"href":"https:\/\/acourtofalsacesart.com\/index.php\/wp-json\/wp\/v2\/product\/21726","targetHints":{"allow":["GET"]}}],"collection":[{"href":"https:\/\/acourtofalsacesart.com\/index.php\/wp-json\/wp\/v2\/product"}],"about":[{"href":"https:\/\/acourtofalsacesart.com\/index.php\/wp-json\/wp\/v2\/types\/product"}],"replies":[{"embeddable":true,"href":"https:\/\/acourtofalsacesart.com\/index.php\/wp-json\/wp\/v2\/comments?post=21726"}],"wp:featuredmedia":[{"embeddable":true,"href":"https:\/\/acourtofalsacesart.com\/index.php\/wp-json\/wp\/v2\/media\/21761"}],"wp:attachment":[{"href":"https:\/\/acourtofalsacesart.com\/index.php\/wp-json\/wp\/v2\/media?parent=21726"}],"wp:term":[{"taxonomy":"product_brand","embeddable":true,"href":"https:\/\/acourtofalsacesart.com\/index.php\/wp-json\/wp\/v2\/product_brand?post=21726"},{"taxonomy":"product_cat","embeddable":true,"href":"https:\/\/acourtofalsacesart.com\/index.php\/wp-json\/wp\/v2\/product_cat?post=21726"},{"taxonomy":"product_tag","embeddable":true,"href":"https:\/\/acourtofalsacesart.com\/index.php\/wp-json\/wp\/v2\/product_tag?post=21726"}],"curies":[{"name":"wp","href":"https:\/\/api.w.org\/{rel}","templated":true}]}}