{"id":21693,"date":"2025-10-18T14:47:23","date_gmt":"2025-10-18T14:47:23","guid":{"rendered":"https:\/\/acourtofalsacesart.com\/?post_type=product&#038;p=21693"},"modified":"2025-10-28T19:45:40","modified_gmt":"2025-10-28T19:45:40","slug":"in-my-witchy-era-preorder-sweatshirt","status":"publish","type":"product","link":"https:\/\/acourtofalsacesart.com\/index.php\/producto\/in-my-witchy-era-preorder-sweatshirt\/","title":{"rendered":"In my Witchy era &#8211; PREORDER sweatshirt."},"content":{"rendered":"<p>Preventa sudadera literaria, con doble estampado, uno por delante y uno por detr\u00e1s.<\/p>\n<p>Dejad en notas la talla de la sudadera.<\/p>\n<p>Este es un producto hecho bajo pedido y por lo tanto no disponemos de stock de inmediato.<\/p>\n<p>Los tiempos de producci\u00f3n oscilar\u00e1n entre 3-5 semanas aproximado.<\/p>\n<p>Para cualquier duda, respondemos al mail alsacesartrep@gmail.com<\/p>\n<p>Una vez la proveedora me las mande, avisar\u00eda por las stories de Insta y las enviar\u00eda una vez me lleguen.<\/p>\n<p>A ese tiempo, hay que a\u00f1adirle el tiempo de empaquetado y env\u00edo que dependiendo del volumen de trabajo, puede ser de 10 a 18 d\u00edas laborales o menos.<\/p>\n<p><strong><em>No se realizan reembolsos de productos en preventa, ya que es un producto hecho bajo reserva para usted.<\/em><\/strong><\/p>\n","protected":false},"excerpt":{"rendered":"<p>Preventa sudadera literaria, con doble estampado, uno por delante y uno por detr\u00e1s. Dejad en notas la talla de la sudadera. Este es un producto hecho bajo pedido y por lo tanto no disponemos de stock de inmediato. Los tiempos de producci\u00f3n oscilar\u00e1n entre 3-5 semanas aproximado. Para cualquier duda, [&hellip;]<\/p>\n","protected":false},"featured_media":21694,"comment_status":"open","ping_status":"closed","template":"","meta":{"_mo_disable_npp":""},"product_brand":[],"product_cat":[1294,1627,1267,2385],"product_tag":[],"class_list":{"0":"post-21693","1":"product","2":"type-product","3":"status-publish","4":"has-post-thumbnail","6":"product_cat-booksleeve","7":"product_cat-halloween","8":"product_cat-preventas","9":"product_cat-shop-update-2025","11":"first","12":"instock","13":"taxable","14":"shipping-taxable","15":"purchasable","16":"product-type-simple"},"_links":{"self":[{"href":"https:\/\/acourtofalsacesart.com\/index.php\/wp-json\/wp\/v2\/product\/21693","targetHints":{"allow":["GET"]}}],"collection":[{"href":"https:\/\/acourtofalsacesart.com\/index.php\/wp-json\/wp\/v2\/product"}],"about":[{"href":"https:\/\/acourtofalsacesart.com\/index.php\/wp-json\/wp\/v2\/types\/product"}],"replies":[{"embeddable":true,"href":"https:\/\/acourtofalsacesart.com\/index.php\/wp-json\/wp\/v2\/comments?post=21693"}],"wp:featuredmedia":[{"embeddable":true,"href":"https:\/\/acourtofalsacesart.com\/index.php\/wp-json\/wp\/v2\/media\/21694"}],"wp:attachment":[{"href":"https:\/\/acourtofalsacesart.com\/index.php\/wp-json\/wp\/v2\/media?parent=21693"}],"wp:term":[{"taxonomy":"product_brand","embeddable":true,"href":"https:\/\/acourtofalsacesart.com\/index.php\/wp-json\/wp\/v2\/product_brand?post=21693"},{"taxonomy":"product_cat","embeddable":true,"href":"https:\/\/acourtofalsacesart.com\/index.php\/wp-json\/wp\/v2\/product_cat?post=21693"},{"taxonomy":"product_tag","embeddable":true,"href":"https:\/\/acourtofalsacesart.com\/index.php\/wp-json\/wp\/v2\/product_tag?post=21693"}],"curies":[{"name":"wp","href":"https:\/\/api.w.org\/{rel}","templated":true}]}}