{"id":21351,"date":"2025-08-31T14:54:47","date_gmt":"2025-08-31T14:54:47","guid":{"rendered":"https:\/\/acourtofalsacesart.com\/?post_type=product&#038;p=21351"},"modified":"2025-10-06T21:36:20","modified_gmt":"2025-10-06T21:36:20","slug":"tarjeta-regalo-para-descargar-e-imprimir","status":"publish","type":"product","link":"https:\/\/acourtofalsacesart.com\/index.php\/producto\/tarjeta-regalo-para-descargar-e-imprimir\/","title":{"rendered":"NO ES EL CALENDARIO &#8211; Tarjeta regalo para descargar e imprimir."},"content":{"rendered":"<div>Tarjeta regalo para imprimir y regalar a la persona a la que le vayas a regalar el calendario de adviento.<\/div>\n<div><\/div>\n<div><img decoding=\"async\" data-emoji=\"\u2728\" class=\"an1 lazyload\" alt=\"\u2728\" aria-label=\"\u2728\" draggable=\"false\" data-src=\"https:\/\/fonts.gstatic.com\/s\/e\/notoemoji\/16.0\/2728\/32.png\" src=\"data:image\/svg+xml;base64,PHN2ZyB3aWR0aD0iMSIgaGVpZ2h0PSIxIiB4bWxucz0iaHR0cDovL3d3dy53My5vcmcvMjAwMC9zdmciPjwvc3ZnPg==\" \/>Entra en este enlace para descargar la tarjeta regalo:<img decoding=\"async\" data-emoji=\"\u2728\" class=\"an1 lazyload\" alt=\"\u2728\" aria-label=\"\u2728\" draggable=\"false\" data-src=\"https:\/\/fonts.gstatic.com\/s\/e\/notoemoji\/16.0\/2728\/32.png\" src=\"data:image\/svg+xml;base64,PHN2ZyB3aWR0aD0iMSIgaGVpZ2h0PSIxIiB4bWxucz0iaHR0cDovL3d3dy53My5vcmcvMjAwMC9zdmciPjwvc3ZnPg==\" \/><\/div>\n<div><a href=\"https:\/\/www.canva.com\/design\/DAGxW9REFbU\/OMmxkHx-KExty1Y5zVgr_Q\/view?utm_content=DAGxW9REFbU&amp;utm_campaign=designshare&amp;utm_medium=link2&amp;utm_source=uniquelinks&amp;utlId=h63d809da72\" target=\"_blank\" data-saferedirecturl=\"https:\/\/www.google.com\/url?q=https:\/\/www.canva.com\/design\/DAGxW9REFbU\/OMmxkHx-KExty1Y5zVgr_Q\/view?utm_content%3DDAGxW9REFbU%26utm_campaign%3Ddesignshare%26utm_medium%3Dlink2%26utm_source%3Duniquelinks%26utlId%3Dh63d809da72&amp;source=gmail&amp;ust=1756737553912000&amp;usg=AOvVaw2CFNGiPMjSrvbaOYz_e9DY\" rel=\"noopener\">https:\/\/www.canva.com\/design\/<wbr \/>DAGxW9REFbU\/OMmxkHx-<wbr \/>KExty1Y5zVgr_Q\/view?utm_<wbr \/>content=DAGxW9REFbU&amp;utm_<wbr \/>campaign=designshare&amp;utm_<wbr \/>medium=link2&amp;utm_source=<wbr \/>uniquelinks&amp;utlId=h63d809da72<\/a><\/div>\n<div><\/div>\n<div>No hace falta que compres este producto, entrando al enlace de la descripci\u00f3n pod\u00e9is acceder al dise\u00f1o.<\/div>\n<div>Este anuncio NO es la compra del Calendario de Adviento.<\/div>\n<div>Es un extra por si quieres regalarle un calendario a una persona especial que cumpla en septiembre\/octubre\u2026 y quieres adelantarle que recibir\u00e1 a finales de noviembre el Calendario de Adviento<\/div>\n<p>Para cualquier duda pod\u00e9is escribirme por Instagram: @alsaces_art<\/p>\n","protected":false},"excerpt":{"rendered":"<p>Tarjeta regalo para imprimir y regalar a la persona a la que le vayas a regalar el calendario de adviento. Entra en este enlace para descargar la tarjeta regalo: https:\/\/www.canva.com\/design\/DAGxW9REFbU\/OMmxkHx-KExty1Y5zVgr_Q\/view?utm_content=DAGxW9REFbU&amp;utm_campaign=designshare&amp;utm_medium=link2&amp;utm_source=uniquelinks&amp;utlId=h63d809da72 No hace falta que compres este producto, entrando al enlace de la descripci\u00f3n pod\u00e9is acceder al dise\u00f1o. Este anuncio NO [&hellip;]<\/p>\n","protected":false},"featured_media":21348,"comment_status":"open","ping_status":"closed","template":"","meta":{"_mo_disable_npp":""},"product_brand":[],"product_cat":[1691,1734],"product_tag":[],"class_list":{"0":"post-21351","1":"product","2":"type-product","3":"status-publish","4":"has-post-thumbnail","6":"product_cat-cajas-tematicas","7":"product_cat-coleccion-navidad","9":"first","10":"instock","11":"taxable","12":"shipping-taxable","13":"purchasable","14":"product-type-simple"},"_links":{"self":[{"href":"https:\/\/acourtofalsacesart.com\/index.php\/wp-json\/wp\/v2\/product\/21351","targetHints":{"allow":["GET"]}}],"collection":[{"href":"https:\/\/acourtofalsacesart.com\/index.php\/wp-json\/wp\/v2\/product"}],"about":[{"href":"https:\/\/acourtofalsacesart.com\/index.php\/wp-json\/wp\/v2\/types\/product"}],"replies":[{"embeddable":true,"href":"https:\/\/acourtofalsacesart.com\/index.php\/wp-json\/wp\/v2\/comments?post=21351"}],"wp:featuredmedia":[{"embeddable":true,"href":"https:\/\/acourtofalsacesart.com\/index.php\/wp-json\/wp\/v2\/media\/21348"}],"wp:attachment":[{"href":"https:\/\/acourtofalsacesart.com\/index.php\/wp-json\/wp\/v2\/media?parent=21351"}],"wp:term":[{"taxonomy":"product_brand","embeddable":true,"href":"https:\/\/acourtofalsacesart.com\/index.php\/wp-json\/wp\/v2\/product_brand?post=21351"},{"taxonomy":"product_cat","embeddable":true,"href":"https:\/\/acourtofalsacesart.com\/index.php\/wp-json\/wp\/v2\/product_cat?post=21351"},{"taxonomy":"product_tag","embeddable":true,"href":"https:\/\/acourtofalsacesart.com\/index.php\/wp-json\/wp\/v2\/product_tag?post=21351"}],"curies":[{"name":"wp","href":"https:\/\/api.w.org\/{rel}","templated":true}]}}