{"id":20843,"date":"2025-06-18T12:38:39","date_gmt":"2025-06-18T12:38:39","guid":{"rendered":"https:\/\/acourtofalsacesart.com\/?post_type=product&#038;p=20843"},"modified":"2025-06-22T19:50:37","modified_gmt":"2025-06-22T19:50:37","slug":"httyd-artprint-bookmark-como-entrenar-a-tu-dragon-hiccup-y-desdentao","status":"publish","type":"product","link":"https:\/\/acourtofalsacesart.com\/index.php\/producto\/httyd-artprint-bookmark-como-entrenar-a-tu-dragon-hiccup-y-desdentao\/","title":{"rendered":"HTTYD Artprint &#038; Bookmark &#8211; C\u00f3mo entrenar a tu drag\u00f3n, Hiccup y  Desdentao."},"content":{"rendered":"<p>HTTYD Artprint &amp; Bookmark &#8211; C\u00f3mo entrenar a tu drag\u00f3n, Hiccup y Desdentao.<\/p>\n<p>A5 pearlescent print.<\/p>\n","protected":false},"excerpt":{"rendered":"<p>HTTYD Artprint &amp; Bookmark &#8211; C\u00f3mo entrenar a tu drag\u00f3n, Hiccup y Desdentao. A5 pearlescent print.<\/p>\n","protected":false},"featured_media":20846,"comment_status":"open","ping_status":"closed","template":"","meta":{"_mo_disable_npp":""},"product_brand":[],"product_cat":[28,1772,148,2336],"product_tag":[],"class_list":{"0":"post-20843","1":"product","2":"type-product","3":"status-publish","4":"has-post-thumbnail","6":"product_cat-bookmarks","7":"product_cat-novedades","8":"product_cat-prints","9":"product_cat-shop-update-junio-2025","11":"first","12":"instock","13":"taxable","14":"shipping-taxable","15":"purchasable","16":"product-type-variable"},"_links":{"self":[{"href":"https:\/\/acourtofalsacesart.com\/index.php\/wp-json\/wp\/v2\/product\/20843","targetHints":{"allow":["GET"]}}],"collection":[{"href":"https:\/\/acourtofalsacesart.com\/index.php\/wp-json\/wp\/v2\/product"}],"about":[{"href":"https:\/\/acourtofalsacesart.com\/index.php\/wp-json\/wp\/v2\/types\/product"}],"replies":[{"embeddable":true,"href":"https:\/\/acourtofalsacesart.com\/index.php\/wp-json\/wp\/v2\/comments?post=20843"}],"wp:featuredmedia":[{"embeddable":true,"href":"https:\/\/acourtofalsacesart.com\/index.php\/wp-json\/wp\/v2\/media\/20846"}],"wp:attachment":[{"href":"https:\/\/acourtofalsacesart.com\/index.php\/wp-json\/wp\/v2\/media?parent=20843"}],"wp:term":[{"taxonomy":"product_brand","embeddable":true,"href":"https:\/\/acourtofalsacesart.com\/index.php\/wp-json\/wp\/v2\/product_brand?post=20843"},{"taxonomy":"product_cat","embeddable":true,"href":"https:\/\/acourtofalsacesart.com\/index.php\/wp-json\/wp\/v2\/product_cat?post=20843"},{"taxonomy":"product_tag","embeddable":true,"href":"https:\/\/acourtofalsacesart.com\/index.php\/wp-json\/wp\/v2\/product_tag?post=20843"}],"curies":[{"name":"wp","href":"https:\/\/api.w.org\/{rel}","templated":true}]}}