{"id":20317,"date":"2025-04-14T17:24:11","date_gmt":"2025-04-14T17:24:11","guid":{"rendered":"https:\/\/acourtofalsacesart.com\/?post_type=product&#038;p=20317"},"modified":"2025-12-31T11:51:55","modified_gmt":"2025-12-31T11:51:55","slug":"mini-custom-bookish-merch-box","status":"publish","type":"product","link":"https:\/\/acourtofalsacesart.com\/index.php\/producto\/mini-custom-bookish-merch-box\/","title":{"rendered":"Mini custom bookish merch box."},"content":{"rendered":"<p>&nbsp;<\/p>\n<p><strong>\u00bfQU\u00c9 CONTIENE LA CAJITA?<\/strong><\/p>\n<ul>\n<li>L\u00e1mina A5 a elegir de todo el cat\u00e1logo.<\/li>\n<li>Marca magn\u00e9tico a elegir de todo el cat\u00e1logo.<\/li>\n<li>Ticket o marcap\u00e1ginas alargado a elegir de todo el cat\u00e1logo.<\/li>\n<\/ul>\n<ul><\/ul>\n<ul><\/ul>\n<p><strong>\u00bfCU\u00c1L ES EL ADD-ON?<\/strong><\/p>\n<ul>\n<li>El objeto que pod\u00e9is a\u00f1adir a las cajitas ser\u00e1 una totebags inspirada en \u00bbPoses de lectoras&#8217;.<\/li>\n<\/ul>\n<p>&nbsp;<\/p>\n","protected":false},"excerpt":{"rendered":"<p>&nbsp; \u00bfQU\u00c9 CONTIENE LA CAJITA? L\u00e1mina A5 a elegir de todo el cat\u00e1logo. Marca magn\u00e9tico a elegir de todo el cat\u00e1logo. Ticket o marcap\u00e1ginas alargado a elegir de todo el cat\u00e1logo. \u00bfCU\u00c1L ES EL ADD-ON? El objeto que pod\u00e9is a\u00f1adir a las cajitas ser\u00e1 una totebags inspirada en \u00bbPoses de [&hellip;]<\/p>\n","protected":false},"featured_media":19712,"comment_status":"open","ping_status":"closed","template":"","meta":{"_mo_disable_npp":""},"product_brand":[],"product_cat":[1691,1772,1267,2274],"product_tag":[],"class_list":{"0":"post-20317","1":"product","2":"type-product","3":"status-publish","4":"has-post-thumbnail","6":"product_cat-cajas-tematicas","7":"product_cat-novedades","8":"product_cat-preventas","9":"product_cat-shop-update-abril-2025","11":"first","12":"instock","13":"taxable","14":"shipping-taxable","15":"purchasable","16":"product-type-variable"},"_links":{"self":[{"href":"https:\/\/acourtofalsacesart.com\/index.php\/wp-json\/wp\/v2\/product\/20317","targetHints":{"allow":["GET"]}}],"collection":[{"href":"https:\/\/acourtofalsacesart.com\/index.php\/wp-json\/wp\/v2\/product"}],"about":[{"href":"https:\/\/acourtofalsacesart.com\/index.php\/wp-json\/wp\/v2\/types\/product"}],"replies":[{"embeddable":true,"href":"https:\/\/acourtofalsacesart.com\/index.php\/wp-json\/wp\/v2\/comments?post=20317"}],"wp:featuredmedia":[{"embeddable":true,"href":"https:\/\/acourtofalsacesart.com\/index.php\/wp-json\/wp\/v2\/media\/19712"}],"wp:attachment":[{"href":"https:\/\/acourtofalsacesart.com\/index.php\/wp-json\/wp\/v2\/media?parent=20317"}],"wp:term":[{"taxonomy":"product_brand","embeddable":true,"href":"https:\/\/acourtofalsacesart.com\/index.php\/wp-json\/wp\/v2\/product_brand?post=20317"},{"taxonomy":"product_cat","embeddable":true,"href":"https:\/\/acourtofalsacesart.com\/index.php\/wp-json\/wp\/v2\/product_cat?post=20317"},{"taxonomy":"product_tag","embeddable":true,"href":"https:\/\/acourtofalsacesart.com\/index.php\/wp-json\/wp\/v2\/product_tag?post=20317"}],"curies":[{"name":"wp","href":"https:\/\/api.w.org\/{rel}","templated":true}]}}