{"id":19922,"date":"2025-02-15T17:47:57","date_gmt":"2025-02-15T17:47:57","guid":{"rendered":"https:\/\/acourtofalsacesart.com\/?post_type=product&#038;p=19922"},"modified":"2025-08-16T18:05:24","modified_gmt":"2025-08-16T18:05:24","slug":"sobrecubierta-alas-de-sangre-y-alas-de-hierro","status":"publish","type":"product","link":"https:\/\/acourtofalsacesart.com\/index.php\/producto\/sobrecubierta-alas-de-sangre-y-alas-de-hierro\/","title":{"rendered":"Sobrecubiertas, \u00bbAlas de sangre\u00bb y \u00bb Alas de Hierro\u00bb."},"content":{"rendered":"<p>Sobrecubierta, \u00bbAlas de sangre\u00bb y \u00bb Alas de Hierro\u00bb.<\/p>\n<p>Para la edici\u00f3n espa\u00f1ola de Alas de sangre, y Alas de Hierro &#8211; editorial Planeta.<\/p>\n<p>Sirven tambi\u00e9n para las ediciones coleccionistas de la saga.<\/p>\n","protected":false},"excerpt":{"rendered":"<p>Sobrecubierta, \u00bbAlas de sangre\u00bb y \u00bb Alas de Hierro\u00bb. Para la edici\u00f3n espa\u00f1ola de Alas de sangre, y Alas de Hierro &#8211; editorial Planeta. Sirven tambi\u00e9n para las ediciones coleccionistas de la saga.<\/p>\n","protected":false},"featured_media":19947,"comment_status":"open","ping_status":"closed","template":"","meta":{"_mo_disable_npp":""},"product_brand":[],"product_cat":[2174,1553,2228],"product_tag":[],"class_list":{"0":"post-19922","1":"product","2":"type-product","3":"status-publish","4":"has-post-thumbnail","6":"product_cat-coleccion-fourth-wing","7":"product_cat-cubierta","8":"product_cat-shop-update-febrero-2025","10":"first","11":"instock","12":"taxable","13":"shipping-taxable","14":"purchasable","15":"product-type-variable"},"_links":{"self":[{"href":"https:\/\/acourtofalsacesart.com\/index.php\/wp-json\/wp\/v2\/product\/19922","targetHints":{"allow":["GET"]}}],"collection":[{"href":"https:\/\/acourtofalsacesart.com\/index.php\/wp-json\/wp\/v2\/product"}],"about":[{"href":"https:\/\/acourtofalsacesart.com\/index.php\/wp-json\/wp\/v2\/types\/product"}],"replies":[{"embeddable":true,"href":"https:\/\/acourtofalsacesart.com\/index.php\/wp-json\/wp\/v2\/comments?post=19922"}],"wp:featuredmedia":[{"embeddable":true,"href":"https:\/\/acourtofalsacesart.com\/index.php\/wp-json\/wp\/v2\/media\/19947"}],"wp:attachment":[{"href":"https:\/\/acourtofalsacesart.com\/index.php\/wp-json\/wp\/v2\/media?parent=19922"}],"wp:term":[{"taxonomy":"product_brand","embeddable":true,"href":"https:\/\/acourtofalsacesart.com\/index.php\/wp-json\/wp\/v2\/product_brand?post=19922"},{"taxonomy":"product_cat","embeddable":true,"href":"https:\/\/acourtofalsacesart.com\/index.php\/wp-json\/wp\/v2\/product_cat?post=19922"},{"taxonomy":"product_tag","embeddable":true,"href":"https:\/\/acourtofalsacesart.com\/index.php\/wp-json\/wp\/v2\/product_tag?post=19922"}],"curies":[{"name":"wp","href":"https:\/\/api.w.org\/{rel}","templated":true}]}}