{"id":19342,"date":"2024-12-14T17:51:15","date_gmt":"2024-12-14T17:51:15","guid":{"rendered":"https:\/\/acourtofalsacesart.com\/?post_type=product&#038;p=19342"},"modified":"2026-03-11T13:11:04","modified_gmt":"2026-03-11T13:11:04","slug":"pegatina-evajacks-de-ouabh-sticker-holografica-en-forma-de-corazon","status":"publish","type":"product","link":"https:\/\/acourtofalsacesart.com\/index.php\/producto\/pegatina-evajacks-de-ouabh-sticker-holografica-en-forma-de-corazon\/","title":{"rendered":"Pegatina Evajacks de OUABH -Sticker hol\u00f3grafica en forma de coraz\u00f3n."},"content":{"rendered":"<p>Pegatina Evajacks de OUABH -Sticker hol\u00f3grafica en forma de coraz\u00f3n.<\/p>\n","protected":false},"excerpt":{"rendered":"<p>Pegatina Evajacks de OUABH -Sticker hol\u00f3grafica en forma de coraz\u00f3n.<\/p>\n","protected":false},"featured_media":19297,"comment_status":"open","ping_status":"closed","template":"","meta":{"_mo_disable_npp":""},"product_brand":[],"product_cat":[2153,250],"product_tag":[],"class_list":{"0":"post-19342","1":"product","2":"type-product","3":"status-publish","4":"has-post-thumbnail","6":"product_cat-shop-update-diciembre-2024","7":"product_cat-stationery","9":"first","10":"instock","11":"taxable","12":"shipping-taxable","13":"purchasable","14":"product-type-simple"},"_links":{"self":[{"href":"https:\/\/acourtofalsacesart.com\/index.php\/wp-json\/wp\/v2\/product\/19342","targetHints":{"allow":["GET"]}}],"collection":[{"href":"https:\/\/acourtofalsacesart.com\/index.php\/wp-json\/wp\/v2\/product"}],"about":[{"href":"https:\/\/acourtofalsacesart.com\/index.php\/wp-json\/wp\/v2\/types\/product"}],"replies":[{"embeddable":true,"href":"https:\/\/acourtofalsacesart.com\/index.php\/wp-json\/wp\/v2\/comments?post=19342"}],"wp:featuredmedia":[{"embeddable":true,"href":"https:\/\/acourtofalsacesart.com\/index.php\/wp-json\/wp\/v2\/media\/19297"}],"wp:attachment":[{"href":"https:\/\/acourtofalsacesart.com\/index.php\/wp-json\/wp\/v2\/media?parent=19342"}],"wp:term":[{"taxonomy":"product_brand","embeddable":true,"href":"https:\/\/acourtofalsacesart.com\/index.php\/wp-json\/wp\/v2\/product_brand?post=19342"},{"taxonomy":"product_cat","embeddable":true,"href":"https:\/\/acourtofalsacesart.com\/index.php\/wp-json\/wp\/v2\/product_cat?post=19342"},{"taxonomy":"product_tag","embeddable":true,"href":"https:\/\/acourtofalsacesart.com\/index.php\/wp-json\/wp\/v2\/product_tag?post=19342"}],"curies":[{"name":"wp","href":"https:\/\/api.w.org\/{rel}","templated":true}]}}