{"id":18842,"date":"2024-10-12T18:27:16","date_gmt":"2024-10-12T18:27:16","guid":{"rendered":"https:\/\/acourtofalsacesart.com\/?post_type=product&#038;p=18842"},"modified":"2025-10-19T00:21:57","modified_gmt":"2025-10-19T00:21:57","slug":"preorder-custom-blanket-preventa-manta-personalizada-3","status":"publish","type":"product","link":"https:\/\/acourtofalsacesart.com\/index.php\/producto\/preorder-custom-blanket-preventa-manta-personalizada-3\/","title":{"rendered":"PREORDER &#8211; Custom blanket \/ Preventa manta personalizada."},"content":{"rendered":"<p>Pod\u00e9is personalizar la manta con los dise\u00f1os de la segunda foto, si quer\u00e9is que lleve un dise\u00f1o que no est\u00e1 en esa foto, mandadme un mail a alsacesartrep@gmail.com y lo podemos hablar.<\/p>\n<p>Deja en notas qu\u00e9 modelo quieres para la manta \ud83d\ude42<\/p>\n<p>Se enviar\u00e1 a finales de noviembre aprox.<\/p>\n<p>Medidas :\u00a0 150 x 200cm<\/p>\n<p>Primera tanda de preventa de mantas, si la quer\u00e9is como regalo de navidad dejadlo en notas para envolverla con esa tem\u00e1tica \ud83d\ude42<\/p>\n","protected":false},"excerpt":{"rendered":"<p>Pod\u00e9is personalizar la manta con los dise\u00f1os de la segunda foto, si quer\u00e9is que lleve un dise\u00f1o que no est\u00e1 en esa foto, mandadme un mail a alsacesartrep@gmail.com y lo podemos hablar. Deja en notas qu\u00e9 modelo quieres para la manta \ud83d\ude42 Se enviar\u00e1 a finales de noviembre aprox. Medidas [&hellip;]<\/p>\n","protected":false},"featured_media":21960,"comment_status":"open","ping_status":"closed","template":"","meta":{"_mo_disable_npp":""},"product_brand":[],"product_cat":[1294,1734,1267,2385],"product_tag":[],"class_list":{"0":"post-18842","1":"product","2":"type-product","3":"status-publish","4":"has-post-thumbnail","6":"product_cat-booksleeve","7":"product_cat-coleccion-navidad","8":"product_cat-preventas","9":"product_cat-shop-update-2025","11":"first","12":"instock","13":"taxable","14":"shipping-taxable","15":"purchasable","16":"product-type-simple"},"_links":{"self":[{"href":"https:\/\/acourtofalsacesart.com\/index.php\/wp-json\/wp\/v2\/product\/18842","targetHints":{"allow":["GET"]}}],"collection":[{"href":"https:\/\/acourtofalsacesart.com\/index.php\/wp-json\/wp\/v2\/product"}],"about":[{"href":"https:\/\/acourtofalsacesart.com\/index.php\/wp-json\/wp\/v2\/types\/product"}],"replies":[{"embeddable":true,"href":"https:\/\/acourtofalsacesart.com\/index.php\/wp-json\/wp\/v2\/comments?post=18842"}],"wp:featuredmedia":[{"embeddable":true,"href":"https:\/\/acourtofalsacesart.com\/index.php\/wp-json\/wp\/v2\/media\/21960"}],"wp:attachment":[{"href":"https:\/\/acourtofalsacesart.com\/index.php\/wp-json\/wp\/v2\/media?parent=18842"}],"wp:term":[{"taxonomy":"product_brand","embeddable":true,"href":"https:\/\/acourtofalsacesart.com\/index.php\/wp-json\/wp\/v2\/product_brand?post=18842"},{"taxonomy":"product_cat","embeddable":true,"href":"https:\/\/acourtofalsacesart.com\/index.php\/wp-json\/wp\/v2\/product_cat?post=18842"},{"taxonomy":"product_tag","embeddable":true,"href":"https:\/\/acourtofalsacesart.com\/index.php\/wp-json\/wp\/v2\/product_tag?post=18842"}],"curies":[{"name":"wp","href":"https:\/\/api.w.org\/{rel}","templated":true}]}}