{"id":18181,"date":"2024-08-03T18:26:39","date_gmt":"2024-08-03T18:26:39","guid":{"rendered":"https:\/\/acourtofalsacesart.com\/?post_type=product&#038;p=18181"},"modified":"2025-01-27T21:09:43","modified_gmt":"2025-01-27T21:09:43","slug":"preorderandarna-acrylic-pendants-pendientes-hipoalergenicos-carta-del-tarot-andarna","status":"publish","type":"product","link":"https:\/\/acourtofalsacesart.com\/index.php\/producto\/preorderandarna-acrylic-pendants-pendientes-hipoalergenicos-carta-del-tarot-andarna\/","title":{"rendered":"PREORDER,Andarna acrylic pendants &#8211; Pendientes hipoalerg\u00e9nicos, carta del tarot Andarna."},"content":{"rendered":"<p>Andarna acrylic pendants &#8211; Pendientes hipoalerg\u00e9nicos, carta del tarot Andarna.<\/p>\n<p>Medidas:<\/p>\n<p>Tama\u00f1o mediano: 3cm aprox.<\/p>\n<p>Tama\u00f1o grande: 4cm aprox.<\/p>\n<p>Esto es una preventa, por lo que se enviar\u00e1 en 2\/3 semanas aprox.<\/p>\n<p>&nbsp;<\/p>\n","protected":false},"excerpt":{"rendered":"<p>Andarna acrylic pendants &#8211; Pendientes hipoalerg\u00e9nicos, carta del tarot Andarna. Medidas: Tama\u00f1o mediano: 3cm aprox. Tama\u00f1o grande: 4cm aprox. Esto es una preventa, por lo que se enviar\u00e1 en 2\/3 semanas aprox. &nbsp;<\/p>\n","protected":false},"featured_media":18118,"comment_status":"open","ping_status":"closed","template":"","meta":{"_mo_disable_npp":""},"product_brand":[],"product_cat":[2174,1966,2111],"product_tag":[],"class_list":{"0":"post-18181","1":"product","2":"type-product","3":"status-publish","4":"has-post-thumbnail","6":"product_cat-coleccion-fourth-wing","7":"product_cat-wooden-stationery","8":"product_cat-shop-uipdate-agosto-2024","10":"first","11":"instock","12":"taxable","13":"shipping-taxable","14":"purchasable","15":"product-type-simple"},"_links":{"self":[{"href":"https:\/\/acourtofalsacesart.com\/index.php\/wp-json\/wp\/v2\/product\/18181","targetHints":{"allow":["GET"]}}],"collection":[{"href":"https:\/\/acourtofalsacesart.com\/index.php\/wp-json\/wp\/v2\/product"}],"about":[{"href":"https:\/\/acourtofalsacesart.com\/index.php\/wp-json\/wp\/v2\/types\/product"}],"replies":[{"embeddable":true,"href":"https:\/\/acourtofalsacesart.com\/index.php\/wp-json\/wp\/v2\/comments?post=18181"}],"wp:featuredmedia":[{"embeddable":true,"href":"https:\/\/acourtofalsacesart.com\/index.php\/wp-json\/wp\/v2\/media\/18118"}],"wp:attachment":[{"href":"https:\/\/acourtofalsacesart.com\/index.php\/wp-json\/wp\/v2\/media?parent=18181"}],"wp:term":[{"taxonomy":"product_brand","embeddable":true,"href":"https:\/\/acourtofalsacesart.com\/index.php\/wp-json\/wp\/v2\/product_brand?post=18181"},{"taxonomy":"product_cat","embeddable":true,"href":"https:\/\/acourtofalsacesart.com\/index.php\/wp-json\/wp\/v2\/product_cat?post=18181"},{"taxonomy":"product_tag","embeddable":true,"href":"https:\/\/acourtofalsacesart.com\/index.php\/wp-json\/wp\/v2\/product_tag?post=18181"}],"curies":[{"name":"wp","href":"https:\/\/api.w.org\/{rel}","templated":true}]}}