{"id":18160,"date":"2024-08-03T18:16:43","date_gmt":"2024-08-03T18:16:43","guid":{"rendered":"https:\/\/acourtofalsacesart.com\/?post_type=product&#038;p=18160"},"modified":"2026-03-18T22:05:15","modified_gmt":"2026-03-18T22:05:15","slug":"outlet-a4-prints-acotar-fbaa-and-more","status":"publish","type":"product","link":"https:\/\/acourtofalsacesart.com\/index.php\/producto\/outlet-a4-prints-acotar-fbaa-and-more\/","title":{"rendered":"OUTLET A4 PRINTS &#8211; Acotar, fbaa and more."},"content":{"rendered":"<p>OUTLET A4 PRINTS &#8211; Acotar, fbaa and more.<\/p>\n","protected":false},"excerpt":{"rendered":"<p>IMPORTANT: Leave a note specifying the ones you want. If you want two or more of the same desings, please say so too.<br \/>\nIMPORTANTE : Deja una nota eligiendo los dise\u00f1os siempre sueltes. Si quieres dos o m\u00e1s de un mismo dise\u00f1o, por favor, especif\u00edcalo.<br \/>\nBookish love wholesome collection:<br \/>\nA6: 148&#215;105 mm<br \/>\nA5: 210&#215;148 mm<br \/>\nLos A6 solo se pueden conseguir en Sets de 4 y sets de &#8230;<\/p>\n","protected":false},"featured_media":18069,"comment_status":"open","ping_status":"closed","template":"","meta":{"_mo_disable_npp":""},"product_brand":[],"product_cat":[1473,148,2111],"product_tag":[228,78,77,126,80,281,50,43,54,72,92,127],"class_list":{"0":"post-18160","1":"product","2":"type-product","3":"status-publish","4":"has-post-thumbnail","6":"product_cat-outlet","7":"product_cat-prints","8":"product_cat-shop-uipdate-agosto-2024","9":"product_tag-acofas","10":"product_tag-acotar","11":"product_tag-acowar","12":"product_tag-bryce-quinlan","13":"product_tag-caraval","14":"product_tag-ciudad-medialuna","15":"product_tag-feyre","16":"product_tag-feysand","17":"product_tag-hunt","18":"product_tag-nessian","19":"product_tag-rhys","20":"product_tag-rowaelin","22":"first","23":"instock","24":"taxable","25":"shipping-taxable","26":"purchasable","27":"product-type-variable"},"_links":{"self":[{"href":"https:\/\/acourtofalsacesart.com\/index.php\/wp-json\/wp\/v2\/product\/18160","targetHints":{"allow":["GET"]}}],"collection":[{"href":"https:\/\/acourtofalsacesart.com\/index.php\/wp-json\/wp\/v2\/product"}],"about":[{"href":"https:\/\/acourtofalsacesart.com\/index.php\/wp-json\/wp\/v2\/types\/product"}],"replies":[{"embeddable":true,"href":"https:\/\/acourtofalsacesart.com\/index.php\/wp-json\/wp\/v2\/comments?post=18160"}],"wp:featuredmedia":[{"embeddable":true,"href":"https:\/\/acourtofalsacesart.com\/index.php\/wp-json\/wp\/v2\/media\/18069"}],"wp:attachment":[{"href":"https:\/\/acourtofalsacesart.com\/index.php\/wp-json\/wp\/v2\/media?parent=18160"}],"wp:term":[{"taxonomy":"product_brand","embeddable":true,"href":"https:\/\/acourtofalsacesart.com\/index.php\/wp-json\/wp\/v2\/product_brand?post=18160"},{"taxonomy":"product_cat","embeddable":true,"href":"https:\/\/acourtofalsacesart.com\/index.php\/wp-json\/wp\/v2\/product_cat?post=18160"},{"taxonomy":"product_tag","embeddable":true,"href":"https:\/\/acourtofalsacesart.com\/index.php\/wp-json\/wp\/v2\/product_tag?post=18160"}],"curies":[{"name":"wp","href":"https:\/\/api.w.org\/{rel}","templated":true}]}}