{"id":12654,"date":"2023-05-20T10:53:15","date_gmt":"2023-05-20T10:53:15","guid":{"rendered":"https:\/\/acourtofalsacesart.com\/?post_type=product&#038;p=12654"},"modified":"2024-08-09T18:45:03","modified_gmt":"2024-08-09T18:45:03","slug":"fundas-de-libro-evajacks-feyre-rhysand-bryce","status":"publish","type":"product","link":"https:\/\/acourtofalsacesart.com\/index.php\/producto\/fundas-de-libro-evajacks-feyre-rhysand-bryce\/","title":{"rendered":"Fundas de libro : Evajacks, Feyre, Rhysand, Bryce&#8230;"},"content":{"rendered":"<p>Fundas de libro, de 24x28cm.<\/p>\n<p>Impresas a doble cara, con cierre de bot\u00f3n o lazo.<\/p>\n<p>Entran perfectamente libros grandes, como Ciudad Medialuna, tanto en la edici\u00f3n espa\u00f1ola, como en la inglesa &#8211; en tapa dura.<\/p>\n","protected":false},"excerpt":{"rendered":"<p>Fundas de libro, de 24x28cm. Impresas a doble cara, con cierre de bot\u00f3n o lazo. Entran perfectamente libros grandes, como Ciudad Medialuna, tanto en la edici\u00f3n espa\u00f1ola, como en la inglesa &#8211; en tapa dura.<\/p>\n","protected":false},"featured_media":12677,"comment_status":"open","ping_status":"closed","template":"","meta":{"_mo_disable_npp":""},"product_brand":[],"product_cat":[1294],"product_tag":[],"class_list":{"0":"post-12654","1":"product","2":"type-product","3":"status-publish","4":"has-post-thumbnail","6":"product_cat-booksleeve","8":"first","9":"instock","10":"taxable","11":"shipping-taxable","12":"purchasable","13":"product-type-variable"},"_links":{"self":[{"href":"https:\/\/acourtofalsacesart.com\/index.php\/wp-json\/wp\/v2\/product\/12654","targetHints":{"allow":["GET"]}}],"collection":[{"href":"https:\/\/acourtofalsacesart.com\/index.php\/wp-json\/wp\/v2\/product"}],"about":[{"href":"https:\/\/acourtofalsacesart.com\/index.php\/wp-json\/wp\/v2\/types\/product"}],"replies":[{"embeddable":true,"href":"https:\/\/acourtofalsacesart.com\/index.php\/wp-json\/wp\/v2\/comments?post=12654"}],"wp:featuredmedia":[{"embeddable":true,"href":"https:\/\/acourtofalsacesart.com\/index.php\/wp-json\/wp\/v2\/media\/12677"}],"wp:attachment":[{"href":"https:\/\/acourtofalsacesart.com\/index.php\/wp-json\/wp\/v2\/media?parent=12654"}],"wp:term":[{"taxonomy":"product_brand","embeddable":true,"href":"https:\/\/acourtofalsacesart.com\/index.php\/wp-json\/wp\/v2\/product_brand?post=12654"},{"taxonomy":"product_cat","embeddable":true,"href":"https:\/\/acourtofalsacesart.com\/index.php\/wp-json\/wp\/v2\/product_cat?post=12654"},{"taxonomy":"product_tag","embeddable":true,"href":"https:\/\/acourtofalsacesart.com\/index.php\/wp-json\/wp\/v2\/product_tag?post=12654"}],"curies":[{"name":"wp","href":"https:\/\/api.w.org\/{rel}","templated":true}]}}