{"id":2576,"date":"2022-03-21T09:11:07","date_gmt":"2022-03-21T09:11:07","guid":{"rendered":"https:\/\/acourtofalsacesart.com\/?page_id=2576"},"modified":"2022-08-30T12:19:43","modified_gmt":"2022-08-30T12:19:43","slug":"envios","status":"publish","type":"page","link":"https:\/\/acourtofalsacesart.com\/index.php\/envios\/","title":{"rendered":"Env\u00edos"},"content":{"rendered":"\t\t<div data-elementor-type=\"wp-page\" data-elementor-id=\"2576\" class=\"elementor elementor-2576\" data-elementor-settings=\"{&quot;ha_cmc_init_switcher&quot;:&quot;no&quot;}\">\n\t\t\t\t\t\t<section class=\"elementor-section elementor-top-section elementor-element elementor-element-986693c elementor-section-boxed elementor-section-height-default elementor-section-height-default\" data-id=\"986693c\" data-element_type=\"section\" data-settings=\"{&quot;background_background&quot;:&quot;classic&quot;,&quot;_ha_eqh_enable&quot;:false}\">\n\t\t\t\t\t\t\t<div class=\"elementor-background-overlay\"><\/div>\n\t\t\t\t\t\t\t<div class=\"elementor-container elementor-column-gap-default\">\n\t\t\t\t\t<div class=\"elementor-column elementor-col-100 elementor-top-column elementor-element elementor-element-1ed3a80\" data-id=\"1ed3a80\" data-element_type=\"column\">\n\t\t\t<div class=\"elementor-widget-wrap elementor-element-populated\">\n\t\t\t\t\t\t<div class=\"elementor-element elementor-element-39450de elementor-widget elementor-widget-spacer\" data-id=\"39450de\" data-element_type=\"widget\" data-widget_type=\"spacer.default\">\n\t\t\t\t<div class=\"elementor-widget-container\">\n\t\t\t\t\t\t\t<div class=\"elementor-spacer\">\n\t\t\t<div class=\"elementor-spacer-inner\"><\/div>\n\t\t<\/div>\n\t\t\t\t\t\t<\/div>\n\t\t\t\t<\/div>\n\t\t\t\t\t<\/div>\n\t\t<\/div>\n\t\t\t\t\t<\/div>\n\t\t<\/section>\n\t\t\t\t<section class=\"elementor-section elementor-top-section elementor-element elementor-element-0fcb4b8 elementor-section-boxed elementor-section-height-default elementor-section-height-default\" data-id=\"0fcb4b8\" data-element_type=\"section\" data-settings=\"{&quot;_ha_eqh_enable&quot;:false}\">\n\t\t\t\t\t\t<div class=\"elementor-container elementor-column-gap-default\">\n\t\t\t\t\t<div class=\"elementor-column elementor-col-100 elementor-top-column elementor-element elementor-element-9330b54\" data-id=\"9330b54\" data-element_type=\"column\">\n\t\t\t<div class=\"elementor-widget-wrap elementor-element-populated\">\n\t\t\t\t\t\t<div class=\"elementor-element elementor-element-e964105 elementor-widget elementor-widget-spacer\" data-id=\"e964105\" data-element_type=\"widget\" data-widget_type=\"spacer.default\">\n\t\t\t\t<div class=\"elementor-widget-container\">\n\t\t\t\t\t\t\t<div class=\"elementor-spacer\">\n\t\t\t<div class=\"elementor-spacer-inner\"><\/div>\n\t\t<\/div>\n\t\t\t\t\t\t<\/div>\n\t\t\t\t<\/div>\n\t\t\t\t\t<\/div>\n\t\t<\/div>\n\t\t\t\t\t<\/div>\n\t\t<\/section>\n\t\t\t\t<section class=\"elementor-section elementor-top-section elementor-element elementor-element-c910e70 elementor-section-boxed elementor-section-height-default elementor-section-height-default\" data-id=\"c910e70\" data-element_type=\"section\" data-settings=\"{&quot;_ha_eqh_enable&quot;:false}\">\n\t\t\t\t\t\t<div class=\"elementor-container elementor-column-gap-default\">\n\t\t\t\t\t<div class=\"elementor-column elementor-col-100 elementor-top-column elementor-element elementor-element-3124b22\" data-id=\"3124b22\" data-element_type=\"column\">\n\t\t\t<div class=\"elementor-widget-wrap elementor-element-populated\">\n\t\t\t\t\t\t<div class=\"elementor-element elementor-element-ba48782 elementor-widget elementor-widget-heading\" data-id=\"ba48782\" data-element_type=\"widget\" data-widget_type=\"heading.default\">\n\t\t\t\t<div class=\"elementor-widget-container\">\n\t\t\t\t\t<p class=\"elementor-heading-title elementor-size-default\">Pol\u00edtica de env\u00edos <\/p>\t\t\t\t<\/div>\n\t\t\t\t<\/div>\n\t\t\t\t\t<\/div>\n\t\t<\/div>\n\t\t\t\t\t<\/div>\n\t\t<\/section>\n\t\t\t\t<section class=\"elementor-section elementor-top-section elementor-element elementor-element-ffedde0 elementor-section-boxed elementor-section-height-default elementor-section-height-default\" data-id=\"ffedde0\" data-element_type=\"section\" data-settings=\"{&quot;_ha_eqh_enable&quot;:false}\">\n\t\t\t\t\t\t<div class=\"elementor-container elementor-column-gap-default\">\n\t\t\t\t\t<div class=\"elementor-column elementor-col-100 elementor-top-column elementor-element elementor-element-78cbcf6\" data-id=\"78cbcf6\" data-element_type=\"column\">\n\t\t\t<div class=\"elementor-widget-wrap elementor-element-populated\">\n\t\t\t\t\t\t<div class=\"elementor-element elementor-element-79dd414 elementor-widget elementor-widget-spacer\" data-id=\"79dd414\" data-element_type=\"widget\" data-widget_type=\"spacer.default\">\n\t\t\t\t<div class=\"elementor-widget-container\">\n\t\t\t\t\t\t\t<div class=\"elementor-spacer\">\n\t\t\t<div class=\"elementor-spacer-inner\"><\/div>\n\t\t<\/div>\n\t\t\t\t\t\t<\/div>\n\t\t\t\t<\/div>\n\t\t\t\t\t<\/div>\n\t\t<\/div>\n\t\t\t\t\t<\/div>\n\t\t<\/section>\n\t\t\t\t<section class=\"elementor-section elementor-top-section elementor-element elementor-element-4046638 elementor-section-boxed elementor-section-height-default elementor-section-height-default\" data-id=\"4046638\" data-element_type=\"section\" data-settings=\"{&quot;_ha_eqh_enable&quot;:false}\">\n\t\t\t\t\t\t<div class=\"elementor-container elementor-column-gap-default\">\n\t\t\t\t\t<div class=\"elementor-column elementor-col-100 elementor-top-column elementor-element elementor-element-66e064b\" data-id=\"66e064b\" data-element_type=\"column\">\n\t\t\t<div class=\"elementor-widget-wrap elementor-element-populated\">\n\t\t\t\t\t\t<div class=\"elementor-element elementor-element-380047f elementor-widget elementor-widget-text-editor\" data-id=\"380047f\" data-element_type=\"widget\" data-widget_type=\"text-editor.default\">\n\t\t\t\t<div class=\"elementor-widget-container\">\n\t\t\t\t\t\t\t\t\t<p>A la hora de hacer los env\u00edos de vuestros pedidos, nos organizamos separ\u00e1ndolos en lotes bisemanales. Debido al volum\u00e9n de pedidos y el tiempo de preparaci\u00f3n de los marcap\u00e1ginas m\u00e1gneticos, el tiempo de preparaci\u00f3n suele ser entre12-18 d\u00edas laborales (no se incluyen fines de semanas ni festivos) , y a medida de esto, solemos ir a correos una vez a la semana,\u00a0 lunes o mi\u00e9rcoles -para los pedidos internacionales o de fuera de la pen\u00ednsula. Los pedidos nacionales son recogidos por correos expr\u00e9s al d\u00eda siguiente (si no hay problema) de recibir el mensaje de que se ha enviado el pedido.\u00a0 Debido al Covid solamente usamos el env\u00edo certificado, con n\u00famero de seguimiento y una vez enviado (es decir, dejado en la oficina de correos o recogido por el repartidor) tarda en llegar de 24\/72 horas &#8211; sin contar festivos y d\u00edas no laborables. Con el env\u00edo certificado te aseguras que tu pedido tendr\u00e1 n\u00famero de seguimiento y podr\u00e1s localizarlo en todo momento. Si tienes alguna duda m\u00e1s que no aparezca en lo anterior, puedes pasarte por el apartado de preguntas frecuentes o escribirme v\u00eda email sin compromiso; <strong>lorenacabot@gmail.com<\/strong><\/p><h4><strong>EUROPA<\/strong><\/h4><p>El env\u00edo certificado puede llegar a tardar entre 2 \u2013 7 semanas m\u00ednimo.<\/p><p><strong> Resto de pa\u00edses<\/strong><\/p><p>El env\u00edo certificado puede tardar entre 2 &#8211; 10 semanas, dependiendo del lugar de destino.<\/p><h5><strong>IMPORTANTE A TENER EN CUENTA ANTES DE REALIZAR UN PEDIDO:<\/strong><\/h5><p><strong>No nos hacemos responsable de direcciones err\u00f3neas. Por favor, antes de finalizar cualquier compra aseg\u00farate de haber escrito bien la direcci\u00f3n, y de haber anotado bien tu n\u00famero de tel\u00e9fono para que el repartidor pueda ponerse en contacto contigo sin ning\u00fan problema.<\/strong><\/p><p>Si el paquete es enviado al remitente por mala direcci\u00f3n, NO hacemos reenvios.<\/p><p>No se hacen devoluciones monetarias.<\/p><p>S\u00f3lo se pueden unificar dos pedidos, y siempre que el pedido anterior no haya sido preparado para env\u00edo. Por favor, cons\u00faltalo antes de hacer un nuevo pedido.<\/p>\t\t\t\t\t\t\t\t<\/div>\n\t\t\t\t<\/div>\n\t\t\t\t\t<\/div>\n\t\t<\/div>\n\t\t\t\t\t<\/div>\n\t\t<\/section>\n\t\t\t\t<\/div>\n\t\t","protected":false},"excerpt":{"rendered":"<p>Pol\u00edtica de env\u00edos A la hora de hacer los env\u00edos de vuestros pedidos, nos organizamos separ\u00e1ndolos en lotes bisemanales. Debido al volum\u00e9n de pedidos y el tiempo de preparaci\u00f3n de los marcap\u00e1ginas m\u00e1gneticos, el tiempo de preparaci\u00f3n suele ser entre12-18 d\u00edas laborales (no se incluyen fines de semanas ni festivos) [&hellip;]<\/p>\n","protected":false},"author":1,"featured_media":0,"parent":0,"menu_order":0,"comment_status":"closed","ping_status":"closed","template":"page-templates\/template-pagebuilder-full-width.php","meta":{"_mo_disable_npp":"","footnotes":""},"class_list":["post-2576","page","type-page","status-publish","hentry"],"_links":{"self":[{"href":"https:\/\/acourtofalsacesart.com\/index.php\/wp-json\/wp\/v2\/pages\/2576","targetHints":{"allow":["GET"]}}],"collection":[{"href":"https:\/\/acourtofalsacesart.com\/index.php\/wp-json\/wp\/v2\/pages"}],"about":[{"href":"https:\/\/acourtofalsacesart.com\/index.php\/wp-json\/wp\/v2\/types\/page"}],"author":[{"embeddable":true,"href":"https:\/\/acourtofalsacesart.com\/index.php\/wp-json\/wp\/v2\/users\/1"}],"replies":[{"embeddable":true,"href":"https:\/\/acourtofalsacesart.com\/index.php\/wp-json\/wp\/v2\/comments?post=2576"}],"version-history":[{"count":10,"href":"https:\/\/acourtofalsacesart.com\/index.php\/wp-json\/wp\/v2\/pages\/2576\/revisions"}],"predecessor-version":[{"id":5058,"href":"https:\/\/acourtofalsacesart.com\/index.php\/wp-json\/wp\/v2\/pages\/2576\/revisions\/5058"}],"wp:attachment":[{"href":"https:\/\/acourtofalsacesart.com\/index.php\/wp-json\/wp\/v2\/media?parent=2576"}],"curies":[{"name":"wp","href":"https:\/\/api.w.org\/{rel}","templated":true}]}}